tors of (-6310)/(-45) + (-4)/18.
2, 5, 7
Let h = 1 + 5. Suppose 2*b - 28 = -h. List the prime factors of b.
11
Suppose 2*p + 3 = 2*q + 5*p, 15 = -2*q + 3*p. Let w = 5 + q. Suppose 3*g + w*x + 24 = 6*g, 8 = 2*g - 4*x. What are the prime factors of g?
2, 5
Let t = 7 + -3. Suppose 4*f + t*s - 100 = 56, f = 2*s + 24. Suppose -3*k + 5 = -f. What are the prime factors of k?
13
Suppose -4*u + 722 = -5*v, 196 = 2*u - 2*v - 166. List the prime factors of u.
3, 61
Let g = 5 + -4. What are the prime factors of (1 - (1 + -5))*g?
5
Suppose 3*m = -2*j + 518, 15 = -4*m + 7. List the prime factors of j.
2, 131
Suppose -3*u = -2*q - 7*u - 16, 0 = 4*q - 3*u - 1. Let x = q - -22. List the prime factors of x.
2, 5
Let r(a) = a**3 + 5*a**2 - 6*a + 2. What are the prime factors of r(-5)?
2
Suppose 73 - 481 = -3*y. List the prime factors of y.
2, 17
Suppose -f + 0 + 5 = 0. Let a = f - -6. List the prime factors of a.
11
Suppose -2*o + 4*t = -86, -4*o + 3*t = -19 - 148. What are the prime factors of o?
41
Let q = 2 + 0. Suppose -q*z + 12 = z. List the prime factors of 43/5 - z/(-10).
3
Suppose 6*r - 10*r + 64 = 0. List the prime factors of r.
2
Let b = 15 + -32. Let l = -1 - b. List the prime factors of l.
2
Suppose 104 + 1842 = 7*h. What are the prime factors of h?
2, 139
Let u(b) = b**2 - 3*b - 4. Let j(m) = m**2 - 3*m - 5. Let v(n) = -2*j(n) + 3*u(n). List the prime factors of v(5).
2
Let j(n) = -n**3 + 8*n**2 - 6*n - 4. Suppose -14 + 79 = 2*b - 5*l, 0 = 2*b + 4*l - 38. Let f = -18 + b. List the prime factors of j(f).
3
Suppose 66 = 2*z - 4*b, -2*z - 3*b = 2*z - 99. What are the prime factors of z?
3
Suppose -2*s = 3 + 3. Let w = 2 - s. List the prime factors of w.
5
Let f be (-1 + 0 - -7) + -2. Suppose 3 = j + f. Let d(p) = 13*p**2 + 2*p + 1. List the prime factors of d(j).
2, 3
Suppose 2*o - 2 = -7*r + 4*r, 5*r = -4*o + 6. List the prime factors of o.
2
Let j(g) = 96*g**3 - g + 1. What are the prime factors of j(1)?
2, 3
Suppose t = 2*n + 5, n + t - 5*t = 1. List the prime factors of n/(((-6)/8)/1).
2
Suppose 4*b - 72 = -0*b. List the prime factors of b.
2, 3
Suppose -y + 12 = -3. Let n be (-32 + 1)/(5/(-5)). Let i = n - y. List the prime factors of i.
2
Suppose -2*y + 9 = -2*p + 3*y, 0 = 3*p - 2*y - 14. List the prime factors of 147/4 + 2/p.
37
Suppose 0 = 6*d - 3*d - 66. List the prime factors of d.
2, 11
Let m = 106 + -21. What are the prime factors of m?
5, 17
Let c = 6 - 4. Suppose c*q = -2*b - 0*q + 30, -4*b = 3*q - 58. List the prime factors of b.
13
Let a(m) = 2*m - 6. Let l be a(4). Suppose -l = 3*z + 4. List the prime factors of z/(-8) - 46/(-8).
2, 3
Let m(v) = v**2 + 6*v - 10. Let b be m(-7). What are the prime factors of -3 - (2*b + -2)?
5
Suppose -3*z + t + 667 = 0, -4*z - 3*t + 887 = -2*t. List the prime factors of z.
2, 3, 37
Let m = -44 + 41. Let x(h) be the second derivative of -5*h**3/6 + h**2 + h. List the prime factors of x(m).
17
Let s(y) = -y**3 - y**2 + 3*y + 4. Let z be s(-3). Let r = 1 + z. What are the prime factors of (-4)/r - 88/(-14)?
2, 3
What are the prime factors of (4/(-6))/((-12)/882)?
7
Let z(x) = -x**3 + 6*x**2 - 4*x - 4. What are the prime factors of z(4)?
2, 3
Let x be 8*2*3/6. Suppose 0 = -4*d - d + 3*o - x, 3 = -d + 2*o. Let c = d - -14. What are the prime factors of c?
13
Suppose -5 = 2*f - 17. Suppose v = 2*v - f. What are the prime factors of v?
2, 3
Suppose -5*n + 3 = -3*u - 5, -4*n = -16. What are the prime factors of -3 - (-2 - 50 - u)?
53
Suppose 3*i - 42 - 24 = 0. What are the prime factors of i?
2, 11
Suppose -8*z + 120 = -3*z. Let n be (z*(1 - 2))/1. List the prime factors of -4*(-1)/(-6)*n.
2
Let m(n) = -21*n - 13. List the prime factors of m(-4).
71
Let o(u) = -u**3 + 6*u**2 + 2*u + 6. Let c = -16 - -22. List the prime factors of o(c).
2, 3
Suppose 27 = o + 2*o. Suppose 0*l + l - o = 0. List the prime factors of (6/4)/(l/12).
2
Let i(y) be the first derivative of y**3/3 - y**2 - 4*y + 1. List the prime factors of i(-3).
11
Let c be 72/20*30/9. Let h = 28 - c. What are the prime factors of h?
2
Suppose 2*v + 0*v - 2*s = 172, -4*s = 4*v - 320. List the prime factors of v.
83
Suppose x - 5*o = -6*o + 20, -3*o = 15. List the prime factors of (12/(-30))/((-1)/x).
2, 5
Let b(j) = -3*j - 1. Let q be b(1). List the prime factors of q/(-4) + 25 + 0.
2, 13
Suppose k = -3*x + x, -5*k = 5*x + 10. Suppose x*d + 4 = 2. Let u = d + 9. What are the prime factors of u?
2
Let m(s) = 4*s - 12. Let x be m(10). Suppose -n = -3*n + x. List the prime factors of n.
2, 7
Let w = 31 + -5. What are the prime factors of w?
2, 13
Suppose 5*v = 4*j - 5, 2*v - 3 + 7 = 2*j. Suppose v*w - 32 = 7. List the prime factors of w.
13
List the prime factors of (-125)/(-50)*128/5.
2
Suppose -k + b + 39 = 0, 2*k - 2*b + 98 = 4*k. Suppose -5*t = k - 169. What are the prime factors of t?
5
Suppose 3*m = -3*m + 972. List the prime factors of m.
2, 3
Let m(o) = 3*o - o + 12 - 7. List the prime factors of m(5).
3, 5
List the prime factors of (6/2)/(15/85).
17
Let a(f) be the first derivative of -2*f**2 - f + 4. Suppose -4*c = c + 15. List the prime factors of a(c).
11
Let m(s) = -4 - 5*s + 5*s**2 + 5*s**3 + 4*s - 6*s**3. Let i be m(4). What are the prime factors of (-12)/i*10/(-3)?
5
Suppose 0 = -b - 4*o + 35, 0 = 4*b + 5*o - 3*o - 84. Suppose -3*z - b - 5 = 0. List the prime factors of (z/20)/(1/(-30)).
2, 3
Suppose 0 = -r + 4*m + m - 6, 5*r + 2*m = 24. Suppose r*v + 1 - 2 = y, -4*y - 5*v + 17 = 0. What are the prime factors of y?
3
Let g be (1 - -1)*(-292)/8. Let l = g - -105. List the prime factors of l.
2
Suppose -16 = -4*y + 216. List the prime factors of y.
2, 29
Suppose 0 = 5*j - 3*o - 32, -20 = -2*j - 0*o + 3*o. Suppose 0 = -j*c + 44 + 28. What are the prime factors of c?
2, 3
Suppose -6*k + 300 = 6. List the prime factors of k.
7
Let m = 72 + -43. List the prime factors of m.
29
What are the prime factors of 333/6*6/9?
37
Suppose -5*n = -0*n + 35. Let q(u) = -3*u + 10. List the prime factors of q(n).
31
Suppose 5*r - j + 0*j - 85 = 0, 34 = 2*r + 2*j. What are the prime factors of r?
17
Let s = 4 + -2. Suppose 0 = s*x + f - 27, 0*x + f = x - 12. List the prime factors of x.
13
Let r = -11 - -26. List the prime factors of r.
3, 5
Let z be (2 - 2)/(2 + -3). Suppose -3*h + z*h = -24. List the prime factors of h.
2
What are the prime factors of (12/(-15))/(5/(-25)) + 15?
19
Suppose -1 = -j - m, -m - 17 = -5*j + 6. Let t(z) = z**3 - 2*z**2 - 4*z - 5. List the prime factors of t(j).
11
List the prime factors of (-19)/(-3)*-1*-6.
2, 19
Let p = -284 + 501. List the prime factors of p.
7, 31
Suppose 2*g + 2*y - 526 = 0, 4*y + 1067 = 4*g + 3*y. List the prime factors of g.
2, 7, 19
Let l(d) = 21*d**3 + d - 1. Let b be l(1). Let y = -6 + b. What are the prime factors of y?
3, 5
Let g be (4/(-10))/(4/(-40)). Suppose g = v - 17. List the prime factors of v.
3, 7
Suppose -g + 159 = 2*y, 644 = 3*g + y + 142. What are the prime factors of g?
13
Let g(c) = -7*c - 3. Let i(s) = -6*s - 2. Let d(j) = 3*g(j) - 4*i(j). What are the prime factors of d(2)?
5
Let v(z) = -z**3 + z**2 - z + 72. Let s be v(0). Suppose 4*x - s = -0*x. What are the prime factors of x?
2, 3
Let f = -1 + 6. Let x = f - 4. List the prime factors of ((-2)/7)/(x/(-7)).
2
Let p(z) = -z**3 - 12*z**2 - z + 8. Let w be p(-12). Suppose 3*t + 81 = -2*d + 5*d, w = 4*t. What are the prime factors of d?
2
Let v be 4*(1 + 2) - 1. Let h = v - 5. What are the prime factors of h?
2, 3
Let t(j) = j**3 - 9*j**2 - j + 14. List the prime factors of t(10).
2, 13
Let v(n) = 20*n - 1. Let g be v(4). Let h = g + -56. List the prime factors of h.
23
Suppose 12 = j + 2*j. Suppose -j = -k + 3*k. What are the prime factors of 27/6 - 1/k?
5
Let p = 4 - 0. Suppose 3*l - 9 = 0, q - 3*l = -15 + p. List the prime factors of -1 - (q + (-2)/2).
2
Suppose -3*c = -8*c - 4*y + 56, -2*c + 4 = -3*y. Let w be (33/(-12))/((-2)/c). Let r = w + 1. What are the prime factors of r?
2, 3
Let m = -22 + 40. List the prime factors of m.
2, 3
Suppose 5*c - 3*c - 4*z = 30, 4*c - z = 32. Let k = 5 + -9. Let d = c + k. What are the prime factors of d?
3
Let z(n) = -n**3 + 4*n + 3. Suppose -3*v + 3*r = 9, -5*v + 2*r - 17 + 2 = 0. List the prime factors of z(v).
2, 3
Suppose 4*s - 21 = b, -2*s + 1 = -3*b - 12. Suppose 0 = s*a + h - 35 - 77, 18 = 